26. Determine r(14).
72
Let y(t) = -7*t**2 - 14*t + 1350. What is y(-15)?
-15
Let j(a) = -a**2 + 13*a - 23. Calculate j(5).
17
Let d(j) = 37*j**2 - 168*j - 8. Give d(4).
-88
Let g(b) = -66*b + 2206. Determine g(34).
-38
Let r(w) = -5*w**2 - 84*w + 103. Determine r(-18).
-5
Let v(i) = -2*i**2 - 264*i + 261. What is v(-133)?
-5
Let l(d) = -6*d**2 - 163*d - 636. What is l(-4)?
-80
Let a(r) = -r**3 - 41*r**2 + 135*r + 113. What is a(-44)?
-19
Let w(t) = 8*t + 409. Give w(-51).
1
Let d(f) = -27*f**2 - 238*f + 42. What is d(-9)?
-3
Let l(v) = -v**3 - 147*v**2 - 833*v + 87. Calculate l(-6).
9
Let h(y) = -5*y + 475. Determine h(94).
5
Let z(d) = 12*d - 65. Determine z(11).
67
Let q(d) = -6*d**2 - 415*d + 413. Determine q(1).
-8
Let r(p) = -14*p**2 + 1922*p - 553. What is r(137)?
-5
Let j(m) = -2*m**2 - 32*m - 120. Calculate j(-23).
-442
Let m(z) = 247*z + 753. What is m(-3)?
12
Let l(w) = w**2 + 385*w - 21741. Give l(50).
9
Let d(t) = -t**2 - 158*t - 6. Give d(0).
-6
Let p(j) = -4*j**2 + 5*j + 54. What is p(7)?
-107
Let z(l) = -l**3 + 46*l**2 + 147*l + 134. What is z(49)?
134
Let m(x) = -10*x**2 - 119*x - 31. Calculate m(-10).
159
Let a(s) = 2*s**3 + 281*s**2 + 409*s - 1111. Determine a(-139).
1
Let f(t) = 2*t**3 - 280*t**2 - 20*t + 2795. Determine f(140).
-5
Let v(g) = 486*g + 1948. Determine v(-4).
4
Let a(c) = -279*c + 5861. What is a(21)?
2
Let x(h) = -h**3 + 8*h**2 - 2*h - 79. What is x(8)?
-95
Let c(s) = 5*s - 598. Give c(124).
22
Let g(j) = 12*j - 98. What is g(15)?
82
Let a(x) = -4645*x + 32505. Calculate a(7).
-10
Let d(q) = 1565*q - 17206. Give d(11).
9
Let g(x) = 3*x + 353. What is g(-32)?
257
Let t(v) = -v + 45. What is t(30)?
15
Let p(k) = 10*k - 61. What is p(19)?
129
Let n(b) = 14*b**2 - 96*b + 6. Determine n(7).
20
Let z(a) = 45*a + 366. Give z(-10).
-84
Let a(z) = 9*z**2 - 124*z - 50. What is a(13)?
-141
Let s(g) = g**2 - 16*g + 57. What is s(15)?
42
Let z(m) = -m**3 + 9*m**2 + 236*m - 1939. Determine z(8).
13
Let s(h) = -h**2 - 44*h + 152. What is s(-52)?
-264
Let m(y) = 68*y + 33. Give m(-1).
-35
Let d(z) = z**2 + 4*z + 285. Calculate d(-23).
722
Let u(m) = 478*m - 19132. Give u(40).
-12
Let h(d) = -13*d - 325. Give h(-23).
-26
Let d(u) = -u**2 - 12*u + 395. Give d(21).
-298
Let u(n) = 2*n**3 - 168*n**2 - 169*n - 90. Give u(85).
-5
Let z(t) = 3*t**3 - 19*t**2 - 7*t + 76. Give z(6).
-2
Let z(u) = -37*u**2 - 29*u + 61. Calculate z(3).
-359
Let c(p) = -9*p**2 - 65*p + 33. Calculate c(-11).
-341
Let x(n) = 2*n**2 - 20*n - 87. Calculate x(13).
-9
Let c(m) = -m**2 - 32*m + 4792. What is c(-87)?
7
Let p(q) = -q**3 - 6*q**2 + 6*q + 30. Give p(-3).
-15
Let c(f) = 2*f**2 + 76*f + 153. Give c(-36).
9
Let r(o) = -19*o - 210. Give r(6).
-324
Let y(u) = 61*u**2 + 319*u + 40. What is y(-5)?
-30
Let l(c) = -c**3 + 203*c**2 - 604*c + 772. Determine l(200).
-28
Let h(b) = -102*b + 2983. Determine h(30).
-77
Let j(c) = -c**3 - c**2 - 36*c - 117. What is j(-3)?
9
Let z(k) = 392*k - 1679. Determine z(4).
-111
Let p(j) = -462*j - 15266. Determine p(-33).
-20
Let o(g) = 12*g**2 - 43*g - 354. Give o(-7).
535
Let c(k) = 4*k - 98. Give c(57).
130
Let u(j) = -j**3 - 69*j**2 - 446*j - 712. Determine u(-62).
32
Let c(r) = -14*r**2 + 95*r + 47. Determine c(12).
-829
Let w(o) = 166*o**3 - 2*o**2 + 2*o. Give w(1).
166
Let z(t) = t**3 - 24*t**2 + 31*t - 731. Give z(24).
13
Let s(c) = -20*c**2 - 6*c + 58. Calculate s(-4).
-238
Let n(x) = -x**3 - 11*x**2 - 2*x + 3. Calculate n(-11).
25
Let c(s) = s**3 - 10*s**2 - 28*s + 174. Give c(11).
-13
Let c(a) = 34*a - 265. Calculate c(11).
109
Let y(i) = 64*i + 26. Calculate y(-3).
-166
Let j(c) = -c**3 + 32*c**2 + 142*c + 31. What is j(36)?
-41
Let k(v) = -19*v**2 + 6*v - 5. Calculate k(1).
-18
Let h(y) = 117*y - 96. Determine h(-2).
-330
Let d(u) = u**3 - 38*u**2 - 129*u + 263. What is d(41)?
17
Let y(d) = d**3 + 75*d**2 + 2*d + 94. Give y(-75).
-56
Let i(m) = -6*m**3 + 103*m**2 - 24*m + 7. Give i(17).
-112
Let i(o) = o**3 + 12*o**2 - 12*o + 25. Determine i(-13).
12
Let f(l) = 2201*l - 4515. What is f(2)?
-113
Let s(j) = 3*j**2 + 17*j + 61. Give s(-3).
37
Let c(r) = r**3 - 10*r**2 - 299*r - 558. Give c(-2).
-8
Let z(q) = -q + 64. Calculate z(7).
57
Let z(l) = -7247*l + 405833. Give z(56).
1
Let r(q) = -2*q**3 - 21*q**2 - 13*q + 18. Give r(-10).
48
Let l(q) = -q - 51. What is l(-38)?
-13
Let q(h) = -3*h**3 + 9*h**2 + 15*h - 14. Give q(5).
-89
Let x(z) = 389*z + 27. Calculate x(0).
27
Let d(m) = 18*m**2 - 900*m + 70. What is d(50)?
70
Let d(s) = s**3 - 15*s**2 + 38*s - 516. Calculate d(14).
-180
Let h(k) = -2421*k + 12102. Give h(5).
-3
Let t(c) = 2*c**3 - 38*c**2 - 2*c + 9. Give t(19).
-29
Let g(y) = 8*y - 246. Calculate g(43).
98
Let d(c) = c**3 - 9*c**2 - 7*c + 58. Determine d(10).
88
Let t(n) = n**2 + 62*n - 5. What is t(-61)?
-66
Let w(v) = 608*v + 1111. Determine w(-2).
-105
Let m(p) = -p**2 - 35*p - 284. What is m(-22)?
2
Let q(z) = -38*z**2 - 6*z - 1. Determine q(-1).
-33
Let z(n) = -3*n**2 - 56*n + 15. Calculate z(-19).
-4
Let c(t) = 28*t**2 + 227*t - 1. What is c(-8)?
-25
Let u(r) = -2*r**3 - 2*r**2 + 11*r - 13. Calculate u(2).
-15
Let u(w) = -w**3 - 7*w**2 + 24*w + 157. What is u(-6)?
-23
Let c(g) = -2*g**2 + 225*g + 111. Give c(113).
-2
Let b(s) = -33*s - 168. Give b(0).
-168
Let b(x) = 31*x - 160. Calculate b(7).
57
Let o(z) = -2*z**2 - 29*z - 82. Determine o(-3).
-13
Let r(s) = 438*s + 5260. Give r(-12).
4
Let z(n) = -12*n**2 - 42*n - 111. Give z(-3).
-93
Let n(a) = -8*a + 79. Give n(30).
-161
Let b(j) = -j**2 - 459*j - 40468. Determine b(-119).
-8
Let d(w) = -24*w - 19. Determine d(12).
-307
Let a(v) = -v**3 + 4*v**2 + 64*v + 335. What is a(-6)?
311
Let u(h) = -h**3 + 18*h**2 - 35*h + 51. Calculate u(16).
3
Let y(q) = 9*q**2 + 117*q - 2. What is y(-13)?
-2
Let d(t) = -7*t**2 + 418*t + 98. Determine d(60).
-22
Let c(n) = -103*n - 13026. Determine c(-127).
55
Let t(o) = 99*o + 6246. Calculate t(-63).
9
Let j(z) = 5*z**3 - 72*z**2 - 40*z - 94. Determine j(15).
-19
Let j(f) = -f**3 - 32*f**2 - 61*f - 31. What is j(-30)?
-1
Let x(n) = -6*n**3 - 43*n**2 - 5*n + 18. What is x(-7)?
4
Let d(r) = -12*r**2 - 258*r + 1780. What is d(-27)?
-2
Let o(a) = 13*a - 785. Give o(68).
99
Let u(h) = 1385*h + 18015. Calculate u(-13).
10
Let l(g) = -6*g**3 + 109*g**2 - 14*g - 103. Give l(18).
-31
Let b(f) = -f**3 - 5*f**2 - 4*f - 74. Calculate b(-7).
52
Let j(k) = -16*k**2 + 180*k - 25. Give j(11).
19
Let a(z) = -30*z**2 + 20*z - 27. What is a(2)?
-107
Let v(q) = -q**2 + 4*q + 87. Give v(12).
-9
Let o(v) = 3*v**2 + 66*v - 39. What is o(-22)?
-39
Let v(h) = -h**2 + 1036*h + 5212. Determine v(-5).
7
Let a(s) = -28*s**2 - 334*s + 380. What is a(-13)?
-10
Let s(z) = 488*z + 5900. Determine s(-12).
44
Let u(o) = -40*o - 327. What is u(-9)?
33
Let c(g) = g**3 - 56*g**2 - 97*g + 2264. What is c(57)?
-16
Let y(k) = 70*k**2 - 3*k. Calculate y(-1).
73
Let h(r) = -r + 8. Calculate h(-4).
12
Let y(o) = 31*o - 47. Calculate y(3).
46
Let m(b) = b**2 - 16*b - 47. Give m(9).
-110
Let c(u) = u**2 + 12*u - 167. What is c(9)?
22
Let w(q) = 33*q + 442. What is w(-14)?
-20
Let g(w) = -12*w**2 + 67*w + 335. Calculate g(-6).
-499
Let z(i) = 7*i**3 - 317*i**2 + 318*i. Calculate z(1).
8
Let r(q) = -2*q**2 - 584*q + 2954. Calculate r(5).
-16
Let w(k) = k**2 - 848*k - 13813. Give w(-16).
11
Let q(h) = -57*h + 7174. Determine q(126).
-8
Let r(p) = -29*p**3 + 8*p**2 + 17*p + 7. Determine r(-2).
237
Let s(z) = z**3 - 28*z**2 + 68*z - 18. What is s(26)?
398
Let g(c) = 275*c**2 + 8524*c - 30. What is g(-31)?
1
Let h(m) = -m**3 + 29*m**2 - 95*m + 1879. Calculate h(28).
3
Let u(k) = -k**3 - 63*k**2 - 882*k + 23. Give u(-21).
23
Let p(a) = a**3 - 24*a**2 - 24*a - 62. What is p(25)?
-37
Let h(d) = -559*d + 4398. Calculate h(8).
-74
Let a(v) = 20*v**3 + 90*v - 88. What is a(1)?
22
Let x(p) = 19*p**2 + 4*p - 2. Calculate x(-2).
66
Let w(d) = 287*d - 3258. Give w(12).
186
Let o(f) = -2304*f - 46080. Determine o(-20).
0
Let z(o) = -o**2 + 22*o - 90. Give z(17).
-5
Let w(s) = -s**3 + 30*s**2 + 172*s - 5168. Give w(30).
-8
Let t(h) = -2*h**2 + 38*h - 24. Give t(21).
-108
Let b(f) = -f**2 - 13*f - 36. Calculate b(-9).
0
Let x(z) = 22*z**2 - 66*z + 65. Give x(1).
21
Let p(w) = 855*w + 7536. Determine p(-9).
-159
Let a(p) = 3*p**2 + 24*p + 29. Give a(-17).
488
Let g(b) = 3*b